{"id":2034,"date":"2024-01-15T09:56:34","date_gmt":"2024-01-15T08:56:34","guid":{"rendered":"https:\/\/www.difg-verband.de\/de\/?post_type=termine&#038;p=2034"},"modified":"2025-10-15T10:49:30","modified_gmt":"2025-10-15T08:49:30","slug":"difg-seminar-fitness-meets-reha","status":"publish","type":"termine","link":"https:\/\/www.difg-verband.de\/de\/termine\/difg-seminar-fitness-meets-reha\/","title":{"rendered":"FIBO 2026"},"content":{"rendered":"<p>FOR A STRONG AND HEALTHY SOCIETY<\/p>\n<p>Die FIBO ist die weltweit gr\u00f6\u00dfte Messe f\u00fcr Gesundheit , Fitness und Wellness in K\u00f6ln.<\/p>\n<p>Ein aktiver und ganzheitlich bewusster Lebensstil ist wichtiger denn je und steht im Fokus der FIBO 202&amp;.<\/p>\n<p>Mehr Informationen zur Veranstaltung findest du hier: <a href=\"https:\/\/www.fibo.com\/#\/\">FIBO 2026<\/a><\/p>\n","protected":false},"excerpt":{"rendered":"<p>FOR A STRONG AND HEALTHY SOCIETY Die FIBO ist die weltweit gr\u00f6\u00dfte Messe f\u00fcr Gesundheit , Fitness und Wellness in K\u00f6ln. Ein aktiver und ganzheitlich bewusster Lebensstil ist wichtiger denn je und steht im Fokus der FIBO 202&amp;. Mehr Informationen zur Veranstaltung findest du hier: FIBO 2026<\/p>\n","protected":false},"template":"","categories":[1],"class_list":["post-2034","termine","type-termine","status-publish","hentry","category-termine"],"acf":[],"_links":{"self":[{"href":"https:\/\/www.difg-verband.de\/de\/wp-json\/wp\/v2\/termine\/2034","targetHints":{"allow":["GET"]}}],"collection":[{"href":"https:\/\/www.difg-verband.de\/de\/wp-json\/wp\/v2\/termine"}],"about":[{"href":"https:\/\/www.difg-verband.de\/de\/wp-json\/wp\/v2\/types\/termine"}],"version-history":[{"count":5,"href":"https:\/\/www.difg-verband.de\/de\/wp-json\/wp\/v2\/termine\/2034\/revisions"}],"predecessor-version":[{"id":2294,"href":"https:\/\/www.difg-verband.de\/de\/wp-json\/wp\/v2\/termine\/2034\/revisions\/2294"}],"wp:attachment":[{"href":"https:\/\/www.difg-verband.de\/de\/wp-json\/wp\/v2\/media?parent=2034"}],"wp:term":[{"taxonomy":"category","embeddable":true,"href":"https:\/\/www.difg-verband.de\/de\/wp-json\/wp\/v2\/categories?post=2034"}],"curies":[{"name":"wp","href":"https:\/\/api.w.org\/{rel}","templated":true}]}}

<p>FOR A STRONG AND HEALTHY SOCIETY</p>
<p>Die FIBO ist die weltweit größte Messe für Gesundheit , Fitness und Wellness in Köln.</p>
<p>Ein aktiver und ganzheitlich bewusster Lebensstil ist wichtiger denn je und steht im Fokus der FIBO 202&amp;.</p>
<p>Mehr Informationen zur Veranstaltung findest du hier: <a href="https://www.fibo.com/#/">FIBO 2026</a></p>

<p>FOR A STRONG AND HEALTHY SOCIETY Die FIBO ist die weltweit größte Messe für Gesundheit , Fitness und Wellness in Köln. Ein aktiver und ganzheitlich bewusster Lebensstil ist wichtiger denn je und steht im Fokus der FIBO 202&amp;. Mehr Informationen zur Veranstaltung findest du hier: FIBO 2026</p>
