{"id":2032,"date":"2024-01-15T09:52:39","date_gmt":"2024-01-15T08:52:39","guid":{"rendered":"https:\/\/www.difg-verband.de\/de\/?post_type=termine&#038;p=2032"},"modified":"2026-02-18T17:04:01","modified_gmt":"2026-02-18T16:04:01","slug":"praesentation-des-creditreform-branchenreports-2023","status":"publish","type":"termine","link":"https:\/\/www.difg-verband.de\/de\/termine\/praesentation-des-creditreform-branchenreports-2023\/","title":{"rendered":"DIFG-Wirtschaftstag 2026"},"content":{"rendered":"<p>Am 24. Februar 2026 veranstaltet der <a class=\"dvaKskWXEZwsWlxeXUiKkOExWeTVfOhyT \" tabindex=\"0\" href=\"https:\/\/www.linkedin.com\/company\/difg-deutscher-industrieverband-f%C3%BCr-fitness-und-gesundheit-e-v\/\" target=\"_self\" data-test-app-aware-link=\"\">DIFG &#8211; Deutscher Industrieverband f\u00fcr Fitness und Gesundheit e.V.<\/a> seinen j\u00e4hrlichen Wirtschaftstag, bei welchem die Fitnessindustrie mit Pers\u00f6nlichkeiten aus verschiedenen Branchen wie Wirtschaft und Politik zusammen kommt.<\/p>\n<p>In diesem Jahr unter dem Leitthema: &#8220;Resilienz &#8211; und was kann die Fitnesswirtschaft dazu leisten&#8221;<\/p>\n<p>Location: H\u00f6rsaalruine<br \/>\nMedizinhistorisches Museum der Charit\u00e9 Berlin<br \/>\nBeginn: 12.30 Uhr mit einem Mittagessen<br \/>\n14.00 Uhr Vortr\u00e4ge, Panelgespr\u00e4ch und Netzwerk-Gespr\u00e4che<br \/>\nEnde: ca. 17.30 Uhr<\/p>\n<p>Wenn Sie am DIFG-Wirtschaftstag interessiert sind und teilnehmen m\u00f6chten, melden Sie sich kostenfrei und verbindlich an unter: <a class=\"dvaKskWXEZwsWlxeXUiKkOExWeTVfOhyT \" tabindex=\"0\" href=\"mailto:info@difg-verband.de\" target=\"_self\" data-test-app-aware-link=\"\">info@difg-verband.de<\/a><\/p>\n","protected":false},"excerpt":{"rendered":"<p>Am 24. Februar 2026 veranstaltet der DIFG &#8211; Deutscher Industrieverband f\u00fcr Fitness und Gesundheit e.V. seinen j\u00e4hrlichen Wirtschaftstag, bei welchem die Fitnessindustrie mit Pers\u00f6nlichkeiten aus verschiedenen Branchen wie Wirtschaft und Politik zusammen kommt. In diesem Jahr unter dem Leitthema: &#8220;Resilienz &#8211; und was kann die Fitnesswirtschaft dazu leisten&#8221; Location: H\u00f6rsaalruine Medizinhistorisches Museum der Charit\u00e9 Berlin [&hellip;]<\/p>\n","protected":false},"template":"","categories":[1],"class_list":["post-2032","termine","type-termine","status-publish","hentry","category-termine"],"acf":[],"_links":{"self":[{"href":"https:\/\/www.difg-verband.de\/de\/wp-json\/wp\/v2\/termine\/2032","targetHints":{"allow":["GET"]}}],"collection":[{"href":"https:\/\/www.difg-verband.de\/de\/wp-json\/wp\/v2\/termine"}],"about":[{"href":"https:\/\/www.difg-verband.de\/de\/wp-json\/wp\/v2\/types\/termine"}],"version-history":[{"count":6,"href":"https:\/\/www.difg-verband.de\/de\/wp-json\/wp\/v2\/termine\/2032\/revisions"}],"predecessor-version":[{"id":2314,"href":"https:\/\/www.difg-verband.de\/de\/wp-json\/wp\/v2\/termine\/2032\/revisions\/2314"}],"wp:attachment":[{"href":"https:\/\/www.difg-verband.de\/de\/wp-json\/wp\/v2\/media?parent=2032"}],"wp:term":[{"taxonomy":"category","embeddable":true,"href":"https:\/\/www.difg-verband.de\/de\/wp-json\/wp\/v2\/categories?post=2032"}],"curies":[{"name":"wp","href":"https:\/\/api.w.org\/{rel}","templated":true}]}}

<p>Am 24. Februar 2026 veranstaltet der <a class="dvaKskWXEZwsWlxeXUiKkOExWeTVfOhyT " tabindex="0" href="https://www.linkedin.com/company/difg-deutscher-industrieverband-f%C3%BCr-fitness-und-gesundheit-e-v/" target="_self" data-test-app-aware-link="">DIFG &#8211; Deutscher Industrieverband für Fitness und Gesundheit e.V.</a> seinen jährlichen Wirtschaftstag, bei welchem die Fitnessindustrie mit Persönlichkeiten aus verschiedenen Branchen wie Wirtschaft und Politik zusammen kommt.</p>
<p>In diesem Jahr unter dem Leitthema: &#8220;Resilienz &#8211; und was kann die Fitnesswirtschaft dazu leisten&#8221;</p>
<p>Location: Hörsaalruine<br />
Medizinhistorisches Museum der Charité Berlin<br />
Beginn: 12.30 Uhr mit einem Mittagessen<br />
14.00 Uhr Vorträge, Panelgespräch und Netzwerk-Gespräche<br />
Ende: ca. 17.30 Uhr</p>
<p>Wenn Sie am DIFG-Wirtschaftstag interessiert sind und teilnehmen möchten, melden Sie sich kostenfrei und verbindlich an unter: <a class="dvaKskWXEZwsWlxeXUiKkOExWeTVfOhyT " tabindex="0" href="mailto:info@difg-verband.de" target="_self" data-test-app-aware-link="">info@difg-verband.de</a></p>

<p>Am 24. Februar 2026 veranstaltet der DIFG &#8211; Deutscher Industrieverband für Fitness und Gesundheit e.V. seinen jährlichen Wirtschaftstag, bei welchem die Fitnessindustrie mit Persönlichkeiten aus verschiedenen Branchen wie Wirtschaft und Politik zusammen kommt. In diesem Jahr unter dem Leitthema: &#8220;Resilienz &#8211; und was kann die Fitnesswirtschaft dazu leisten&#8221; Location: Hörsaalruine Medizinhistorisches Museum der Charité Berlin [&hellip;]</p>
